 = 18*s, -3*f + 5614 = 2*s. What are the prime factors of f?
2, 937
Suppose -7*r + 2*r = -20. Suppose -539 = -r*y + 1. What are the prime factors of y?
3, 5
Let t(l) be the third derivative of 0 - 4*l**2 - 1/6*l**3 + 0*l**4 + 0*l + 1/30*l**5 - 1/60*l**6. What are the prime factors of t(-2)?
23
Let d(c) = 33 - 5*c + 18*c + 12*c**2 - 13*c**2. List the prime factors of d(14).
19
Let b = 95 - 90. Suppose 0*v = -v + 5*k + 226, 0 = b*v + 3*k - 1214. List the prime factors of v.
241
Suppose -u - u = -8. Suppose 0 = 2*v + 10, -99 = -2*b + v - 2*v. Suppose b = u*m + 16. List the prime factors of m.
3
Let l(h) = -h**3 - 8*h**2 + 10*h + 5. Let m be l(-9). List the prime factors of ((-5)/2)/(1/m).
2, 5
Let h(z) = -z**3 - 14*z**2 - 21*z - 27. List the prime factors of h(-14).
3, 89
Suppose -16*t + 18*t = 5*o - 16221, -4*t = -o + 3237. List the prime factors of o.
5, 11, 59
Let t(u) = -38*u**2 + 5*u + 4. Let x(q) = -q**2 - q - 1. Let i(b) = -t(b) - 3*x(b). Let d be i(-1). Let w = d - 30. List the prime factors of w.
2, 3
Let k(q) = q**3 + 4*q**2 - 7*q - 6. Suppose 4*f + 21 = 1. Let g be k(f). Suppose -g*j + 32 + 40 = 4*s, 130 = 5*s - 5*j. List the prime factors of s.
2, 11
Let i be (-6)/(-24) + 559/4. Let t = -52 + i. Let j = 151 - t. List the prime factors of j.
3, 7
Let l be 2/2*1*11. Suppose 20 = -5*q, 0 = -2*w + 4*q - l - 19. Let p = 44 + w. What are the prime factors of p?
3, 7
Suppose 2*t - 1 = 17. Suppose 5*z - t*z - 40 = 0. Let r = z - -23. What are the prime factors of r?
13
Let m be 2 - (1 - (0 + 5)). Suppose 2*d = m + 4. Suppose 8*p - 195 = d*p. What are the prime factors of p?
5, 13
Let n(p) = 13*p**2 + 3*p - 10. Let s be n(-5). Suppose -3*f = -3*j - s, -5*j + 20 = -j. What are the prime factors of f?
3, 5, 7
Suppose 12*r = 15*r + 3*a - 15669, 5*a = -2*r + 10443. List the prime factors of r.
2, 653
Suppose 0 = -4*r + 4, 2*v - 5*r - 214 = -v. Let o = v + -42. List the prime factors of o.
31
Let r(v) = 11*v**3 + 3*v**2 - 3*v - 13. What are the prime factors of r(4)?
727
Let h = 27 + -25. Let c(g) = 4*g**h - 11*g - g + 4 + 9*g. What are the prime factors of c(2)?
2, 7
Let o(n) = -n**2 - 9*n + 15. Let u be o(-10). Suppose u*x - 4*x + 5*c - 51 = 0, 4*c - 51 = -x. Let g = x - -12. List the prime factors of g.
3, 7
Let a(b) = -45*b + 1132. What are the prime factors of a(0)?
2, 283
Let z(p) be the first derivative of -p**4/4 - 13*p**3/3 + 3*p**2 + 21*p + 39. List the prime factors of z(-14).
7, 19
Suppose 2*n + 4*i = -626, 0*n - 5*i - 944 = 3*n. Let q = 463 + n. What are the prime factors of q?
2, 5, 7
Let r(s) = 2*s**2 - 15*s + 32. List the prime factors of r(22).
2, 5, 67
Let b(j) = -j**3 - 10*j**2 - 9*j + 42. List the prime factors of b(-11).
2, 131
Suppose -25 = 4*q + 35. Let p = q - -18. Suppose -y - p*y = -92. What are the prime factors of y?
23
Suppose 325 = -7*o + 1298. Suppose -o + 33 = -2*h. What are the prime factors of h?
53
Let j be -3*1/1*1. List the prime factors of 64 - 0/(-2) - j.
67
Let h(b) = b**3 - 17*b**2 + 17*b - 17. Let x be h(16). List the prime factors of 355/(-5)*x + 1.
2, 3
Let s = 5063 - -121. List the prime factors of s.
2, 3
Let t(i) be the first derivative of 2*i**3/3 + 9*i**2/2 + 10. What are the prime factors of t(-6)?
2, 3
Let j = 37 + -23. Suppose -104 = 6*m - j*m. What are the prime factors of m?
13
Let c(p) = 4*p**2 - 6*p + 7. Let l be c(2). Suppose 192 = 7*s - l. What are the prime factors of s?
29
Let r = 13 + 99. Suppose -r = -2*q - 2*q. Suppose 3*t = -3*h + 60, 2*t + 0*t - 4*h - q = 0. List the prime factors of t.
2, 3
Let k(w) be the second derivative of -7/2*w**2 + 0 + 2*w + 1/2*w**3 + 1/6*w**4. What are the prime factors of k(5)?
2, 29
Let h be -97 + (9/(-12) - 3/12). Let w = h + 235. What are the prime factors of w?
137
Let g(r) = -r**3 - 6*r**2 - 5*r + 6. Let a be g(-5). Let s be a/(-33) - (-10)/55. Suppose 0*i - 2*i + 68 = s. List the prime factors of i.
2, 17
Let d(b) = b**2 + 6*b - 21. Let j be d(-9). Suppose -3*k = 4*p - 286, j = k + 2*k. List the prime factors of p.
2, 5, 7
Let t(v) = -4*v. Let s be t(2). Let x(c) = c**2 - 4*c + 5. Let j be x(s). Suppose -5*y - j = -261. What are the prime factors of y?
2
Let x = -77 - -76. Let q = 60 - 31. What are the prime factors of 0 + q*x/(-1)?
29
Let l(w) be the second derivative of w**4/3 + 2*w**3/3 + 3*w**2/2 + 11*w. What are the prime factors of l(-2)?
11
Let n(i) = 54*i**3 + 8*i**2 + 8*i - 33. List the prime factors of n(3).
3, 13
Suppose -58*u - 29*u + 298845 = 0. What are the prime factors of u?
3, 5, 229
Let q(b) be the second derivative of b**5/15 + b**4/6 + 2*b**3/3 - 2*b. Let f(r) be the second derivative of q(r). What are the prime factors of f(3)?
2, 7
Let k = 3199 - 2059. What are the prime factors of k?
2, 3, 5, 19
Let v(s) = -5*s + 7. Let l be 8 - ((1 - 2) + 3). Let k be v(l). Let z = k + 30. List the prime factors of z.
7
Let w(a) be the third derivative of a**6/120 + a**5/12 - 5*a**4/24 - a**3/6 - 2*a**2. What are the prime factors of w(3)?
2, 7
List the prime factors of -4*12/(-16) + 839.
2, 421
Suppose 2*r - 4*m - 2490 = 0, 13*r - 4*m + 3705 = 16*r. List the prime factors of r.
3, 7, 59
Let x(v) = v**2 + 14*v + 19. Let k be x(-13). Let a(g) = 4*g - 13. Let i be a(k). Suppose 12*o - i*o = 42. What are the prime factors of o?
2, 3, 7
Let r be -6*(-1)/(4/2). Let m be 2 + -136*r/(-6). Suppose -3*y = -4*p - 4*y + m, 2*p - 4*y - 44 = 0. What are the prime factors of p?
2, 3
Let c(m) = -m**2 + 5*m + 6. Let i be c(5). Suppose -i*g + 189 = -3*g. What are the prime factors of g?
3, 7
Let a = 1874 - 1183. What are the prime factors of a?
691
Suppose -124*i = -122*i - 72. List the prime factors of i.
2, 3
Let c(w) be the third derivative of -w**6/120 - w**5/6 + w**4/12 - 11*w**3/6 - 7*w**2. What are the prime factors of c(-11)?
2, 11
Let o = 2 - -6. Let l(d) = -7*d - 10 + 0*d**2 + d**2 + d. What are the prime factors of l(o)?
2, 3
Let g(v) = 8*v**2 - 2*v + 1. Let c be g(1). List the prime factors of (-3 + c)*67/2.
2, 67
Suppose 16*w = 17*w. Suppose w = 16*a - 497 - 927. List the prime factors of a.
89
Let f(b) = 443*b**2 - 12*b - 27. List the prime factors of f(-2).
29, 61
Suppose 1842 = -2*h + 3*r + 5379, 2*h + 3*r = 3519. List the prime factors of h.
2, 3, 7
Suppose 7 = x - 0*x. Let v(d) = -d**3 + 7*d**2 + 2*d - 2. Let f be v(x). Let o = f + 2. What are the prime factors of o?
2, 7
Suppose 2*v - 2*n - 1946 = 0, 5*v + n - 3203 = 1680. List the prime factors of -2 + 1 + v/16.
2, 3, 5
Let o = -743 - -3110. List the prime factors of o.
3, 263
Let u(y) be the third derivative of -y**6/120 - y**5/60 - y**4/24 + 18*y**3 - y**2. What are the prime factors of u(0)?
2, 3
Suppose 5*c - 5*b = 3*c + 1562, -4*c + b + 3160 = 0. What are the prime factors of c?
7, 113
Let g(r) = 3*r**2 + 4*r - r**2 - 3*r - 1. Let q be 5 - ((-14)/98)/((-2)/14). What are the prime factors of g(q)?
5, 7
Suppose 5*h = -10, 5*h + 819 = p - 332. What are the prime factors of p?
7, 163
Let q = 2 - -3. Suppose 252 = q*c - c. Suppose 0 = -2*w + 5 + c. List the prime factors of w.
2, 17
Suppose -265 = -2*l + 1171. What are the prime factors of l?
2, 359
Let f(k) = k - 20. Let c be f(0). Let g = 1 - c. List the prime factors of (-4)/14 - (-468)/g.
2, 11
Suppose 15 = -3*m + 4*m. Suppose m = -3*j, 3*x = 7*x + 3*j - 109. List the prime factors of x.
31
Let a(f) = 2*f**2 - 21*f - 28. List the prime factors of a(-9).
17, 19
Let r(f) = 2*f**2 - 7*f + 22. Let k = 115 + -103. What are the prime factors of r(k)?
2, 113
Suppose -11*i = 1308 - 3409. Suppose 0 = -3*u + w + 311, -2*u = 2*w - 11 - i. List the prime factors of u.
103
Suppose -w + 8 = 5*k, 5*w - 16 = -0*w - k. Suppose w*o - 102 = 33. What are the prime factors of o?
3, 5
Suppose 3*t = 5*m - 10, -m - t + 8 = 3*m. Suppose 0 = 4*b - m*b - 58. Suppose 3*i = 2*y - b, 2*i = 5*y - y - 54. What are the prime factors of y?
13
Suppose -4*d = 2*x - x - 12, 0 = 3*x - d - 62. Let u = x + 22. List the prime factors of u.
2, 3, 7
Let o(c) = 1. Let x(a) = -a**2 - 11*a + 10. Let p(k) = -3*o(k) + x(k). Let z be 2/(-4) + (50/20 - 10). What are the prime factors of p(z)?
31
What are the prime factors of (50/(-30))/(2/(-426))?
5, 71
Let u = 172 - -174. What are the prime factors of u?
2, 173
Let o be -13 + 14 + 56/(-2). Let y = o - -36. List the prime factors o